{"id":1274,"date":"2024-12-26T15:01:00","date_gmt":"2024-12-26T15:01:00","guid":{"rendered":"https:\/\/hotelligence.pt\/?page_id=1274"},"modified":"2025-01-06T13:56:47","modified_gmt":"2025-01-06T13:56:47","slug":"filipe-ambrosio","status":"publish","type":"page","link":"https:\/\/hotelligence.pt\/index.php\/filipe-ambrosio\/","title":{"rendered":"Filipe Ambr\u00f3sio"},"content":{"rendered":"\t\t<div data-elementor-type=\"wp-page\" data-elementor-id=\"1274\" class=\"elementor elementor-1274\">\n\t\t\t\t<div class=\"elementor-element elementor-element-106cb46 e-flex e-con-boxed e-con e-parent\" data-id=\"106cb46\" data-element_type=\"container\" data-e-type=\"container\">\n\t\t\t\t\t<div class=\"e-con-inner\">\n\t\t<div class=\"elementor-element elementor-element-05f9026 e-con-full e-flex e-con e-child\" data-id=\"05f9026\" data-element_type=\"container\" data-e-type=\"container\">\n\t\t\t\t<div class=\"elementor-element elementor-element-4fb5534 elementor-widget elementor-widget-image\" data-id=\"4fb5534\" data-element_type=\"widget\" data-e-type=\"widget\" data-widget_type=\"image.default\">\n\t\t\t\t<div class=\"elementor-widget-container\">\n\t\t\t\t\t\t\t\t\t\t\t\t\t\t\t<img fetchpriority=\"high\" decoding=\"async\" width=\"577\" height=\"433\" src=\"https:\/\/hotelligence.pt\/wp-content\/uploads\/2025\/01\/IMG-20190127-WA0001-removebg-preview.png\" class=\"attachment-2048x2048 size-2048x2048 wp-image-1343\" alt=\"\" srcset=\"https:\/\/hotelligence.pt\/wp-content\/uploads\/2025\/01\/IMG-20190127-WA0001-removebg-preview.png 577w, https:\/\/hotelligence.pt\/wp-content\/uploads\/2025\/01\/IMG-20190127-WA0001-removebg-preview-300x225.png 300w\" sizes=\"(max-width: 577px) 100vw, 577px\" \/>\t\t\t\t\t\t\t\t\t\t\t\t\t\t\t<\/div>\n\t\t\t\t<\/div>\n\t\t\t\t<\/div>\n\t\t<div class=\"elementor-element elementor-element-ea9ce9f e-con-full e-flex e-con e-child\" data-id=\"ea9ce9f\" data-element_type=\"container\" data-e-type=\"container\">\n\t\t\t\t<div class=\"elementor-element elementor-element-c06fb9e elementor-widget elementor-widget-text-editor\" data-id=\"c06fb9e\" data-element_type=\"widget\" data-e-type=\"widget\" data-widget_type=\"text-editor.default\">\n\t\t\t\t<div class=\"elementor-widget-container\">\n\t\t\t\t\t\t\t\t\t<p>Filipe Ambr\u00f3sio \u00e9 licenciado em Gest\u00e3o, doutorado em Gest\u00e3o e Especialista em Contabilidade e Fiscalidade.<\/p><p align=\"justify\">Iniciou a sua experi\u00eancia profissional em consultoria de gest\u00e3o e auditoria h\u00e1 cerca de 35 anos. A sua liga\u00e7\u00e3o \u00e0 hotelaria ocorreu em 1997 na unidade hoteleira onde na atualidade \u00e9 Diretor-Geral. Desde 2006 que se dedicou tamb\u00e9m \u00e0 consultoria de gest\u00e3o hoteleira e \u00e0 implementa\u00e7\u00e3o de sistemas de contabilidade de gest\u00e3o hoteleira (<i>USALI \u2013 Uniform System of Accounts for the Lodging Industry<\/i>). \u00c9 consultor de v\u00e1rias empresas (PT e AO). \u00c9 Diretor de Hotel certificado e s\u00f3cio da Associa\u00e7\u00e3o dos Diretores de Hot\u00e9is de Portugal.<\/p><p align=\"justify\">\u00a0<\/p>\t\t\t\t\t\t\t\t<\/div>\n\t\t\t\t<\/div>\n\t\t\t\t<\/div>\n\t\t\t\t\t<\/div>\n\t\t\t\t<\/div>\n\t\t<div class=\"elementor-element elementor-element-f93453d e-flex e-con-boxed e-con e-parent\" data-id=\"f93453d\" data-element_type=\"container\" data-e-type=\"container\">\n\t\t\t\t\t<div class=\"e-con-inner\">\n\t\t\t\t<div class=\"elementor-element elementor-element-9bc2bbd elementor-widget elementor-widget-text-editor\" data-id=\"9bc2bbd\" data-element_type=\"widget\" data-e-type=\"widget\" data-widget_type=\"text-editor.default\">\n\t\t\t\t<div class=\"elementor-widget-container\">\n\t\t\t\t\t\t\t\t\t<p align=\"justify\">\u00c9 professor do Ensino Superior Polit\u00e9cnico e universit\u00e1rio h\u00e1 15 anos. Lecionou na Escola Superior de Turismo e Hotelaria do Instituto Polit\u00e9cnico da Guarda. Atualmente \u00e9 Professor Adjunto Convidado na Escola Superior de Tecnologia e Gest\u00e3o de Lamego do Instituto Polit\u00e9cnico de Viseu e na Escola Superior de Tecnologia e Gest\u00e3o do Instituto Polit\u00e9cnico da Guarda.<\/p><p align=\"justify\">As suas \u00e1reas de investiga\u00e7\u00e3o centram-se nas \u00e1reas da Gest\u00e3o, Gest\u00e3o Hoteleira, Contabilidade de Gest\u00e3o Hoteleira, Gest\u00e3o do Conhecimento, Inova\u00e7\u00e3o e Empreendedorismo e Gest\u00e3o de Recursos Humanos. Tem publicado artigos em revistas internacionais e cap\u00edtulos de livros sobre estes dom\u00ednios de investiga\u00e7\u00e3o.<\/p><p>\u00c9 Diretor-Geral do Hotel Urgeiri\u00e7a**** e pertence ao Lavanda Group. \u00c9 Diretor de Hotel certificado e s\u00f3cio da Associa\u00e7\u00e3o dos Diretores de Hot\u00e9is de Portugal.<\/p><p>Foi professor da ESTH do IPGuarda entre 2010 e 2016 e desde 2015 \u00e9 Professor Adjunto Convidado na ESTG de Lamego do IPViseu. As suas \u00e1reas de investiga\u00e7\u00e3o centram-se nas \u00e1reas da Gest\u00e3o, Gest\u00e3o Hoteleira, Contabilidade de Gest\u00e3o Hoteleira, Gest\u00e3o do Conhecimento, Inova\u00e7\u00e3o e Empreendedorismo e Gest\u00e3o de Recursos Humanos. Tem publicado artigos em revistas internacionais e cap\u00edtulos de livros sobre estes dom\u00ednios de investiga\u00e7\u00e3o.<\/p><p align=\"justify\">Trabalha como consultor para v\u00e1rias organiza\u00e7\u00f5es (PT e AO).<\/p>\t\t\t\t\t\t\t\t<\/div>\n\t\t\t\t<\/div>\n\t\t\t\t\t<\/div>\n\t\t\t\t<\/div>\n\t\t\t\t<\/div>\n\t\t","protected":false},"excerpt":{"rendered":"<p>Filipe Ambr\u00f3sio \u00e9 licenciado em Gest\u00e3o, doutorado em Gest\u00e3o e Especialista em Contabilidade e Fiscalidade. Iniciou a sua experi\u00eancia profissional em consultoria de gest\u00e3o e auditoria h\u00e1 cerca de 35 anos. A sua liga\u00e7\u00e3o \u00e0 hotelaria ocorreu em 1997 na unidade hoteleira onde na atualidade \u00e9 Diretor-Geral. Desde 2006 que se dedicou tamb\u00e9m \u00e0 consultoria [&hellip;]<\/p>\n","protected":false},"author":1,"featured_media":0,"parent":0,"menu_order":0,"comment_status":"closed","ping_status":"closed","template":"","meta":{"footnotes":""},"class_list":["post-1274","page","type-page","status-publish","hentry"],"blocksy_meta":[],"_links":{"self":[{"href":"https:\/\/hotelligence.pt\/index.php\/wp-json\/wp\/v2\/pages\/1274","targetHints":{"allow":["GET"]}}],"collection":[{"href":"https:\/\/hotelligence.pt\/index.php\/wp-json\/wp\/v2\/pages"}],"about":[{"href":"https:\/\/hotelligence.pt\/index.php\/wp-json\/wp\/v2\/types\/page"}],"author":[{"embeddable":true,"href":"https:\/\/hotelligence.pt\/index.php\/wp-json\/wp\/v2\/users\/1"}],"replies":[{"embeddable":true,"href":"https:\/\/hotelligence.pt\/index.php\/wp-json\/wp\/v2\/comments?post=1274"}],"version-history":[{"count":7,"href":"https:\/\/hotelligence.pt\/index.php\/wp-json\/wp\/v2\/pages\/1274\/revisions"}],"predecessor-version":[{"id":1346,"href":"https:\/\/hotelligence.pt\/index.php\/wp-json\/wp\/v2\/pages\/1274\/revisions\/1346"}],"wp:attachment":[{"href":"https:\/\/hotelligence.pt\/index.php\/wp-json\/wp\/v2\/media?parent=1274"}],"curies":[{"name":"wp","href":"https:\/\/api.w.org\/{rel}","templated":true}]}}